-85
Let t(y) = 9*y**3 - 4*y**2 + 2*y + 1. Give t(2).
61
Let w(j) = 11*j - 14. Give w(2).
8
Let u(k) = k**3 + 16*k**2 - 16*k - 52. Determine u(-17).
-69
Let z(n) = -4*n**3 + 26*n**2 - 17*n - 3. Calculate z(6).
-33
Let n(d) = 2*d**2 - 11*d + 18. What is n(2)?
4
Let n(m) = m**2 - 4*m - 28. What is n(8)?
4
Let k(c) = c**2 - 21*c + 75. Give k(15).
-15
Let r(y) = y**3 + 7*y**2 - 7*y - 42. What is r(-7)?
7
Let t(k) = 6*k - 33. Determine t(0).
-33
Let x(p) = -7*p + 13. Give x(-2).
27
Let b(i) = 8*i. Give b(1).
8
Let q(c) = c**2 + 13*c - 21. Give q(-12).
-33
Let x(s) = -2*s**3 - 3*s**2 + 12*s - 8. Give x(1).
-1
Let s(k) = -k**2 - 5*k + 14. Determine s(2).
0
Let y(t) = -t**2 + 28*t - 100. What is y(4)?
-4
Let r(t) = -t**3 + 4*t**2 + 7*t + 4. Calculate r(6).
-26
Let l(f) = -2*f + 7. What is l(-1)?
9
Let d(x) = x**3 + 6*x**2 - 6. What is d(-6)?
-6
Let o(c) = -c**2 + 67*c - 369. Give o(6).
-3
Let z(m) = m**2 + 16*m + 11. Give z(-17).
28
Let a(z) = -z + 86. Determine a(-17).
103
Let u(y) = y**2 + 14*y - 23. Calculate u(-16).
9
Let j(x) = -17*x + 10. What is j(3)?
-41
Let l(h) = -h**3 + 22*h**2 + 25*h - 78. Give l(23).
-32
Let a(f) = 2*f**3 + 10*f**2 - 9. Determine a(-5).
-9
Let l(p) = p**2 - 9*p + 13. Give l(6).
-5
Let y(f) = -2*f**2 + 12*f + 39. Determine y(8).
7
Let w(h) = 21*h + 1. Determine w(1).
22
Let b(f) = -2*f**2 - 73*f - 30. What is b(-36)?
6
Let m(c) = 21*c + 1862. Determine m(-89).
-7
Let g(o) = -46*o + 3. What is g(1)?
-43
Let u(m) = 25*m**2 - m. What is u(-1)?
26
Let w(n) = 6*n**3 - 3*n**2 - 7*n - 4. Calculate w(-2).
-50
Let j(i) = 2*i + 4. Give j(1).
6
Let n(v) = -6*v - 3. Calculate n(3).
-21
Let p(m) = -3*m - 31. Give p(-9).
-4
Let b(a) = -a**3 - 11*a**2 + 25*a - 5. Determine b(-13).
8
Let j(k) = 26*k - 1. Determine j(1).
25
Let b(n) = n**3 + 4*n**2 - 10*n - 8. Determine b(-6).
-20
Let b(j) = -j**3 + 7*j**2 + 10*j - 5. Determine b(7).
65
Let s(l) = -2*l**2 - 35*l - 17. Determine s(-14).
81
Let w(s) = s**2 + 12*s - 43. Give w(-15).
2
Let g(i) = -13*i + 177. Give g(15).
-18
Let y(j) = j**2 + 8*j + 8. Give y(-7).
1
Let r(x) = -11*x**2 - 14*x + 4. Determine r(-2).
-12
Let u(j) = -63*j + 124. Calculate u(2).
-2
Let i(v) = v**3 - 14*v**2 + 13*v + 13. Give i(13).
13
Let s(d) = -d**3 + 7*d**2 - 3*d + 1. What is s(8)?
-87
Let o(a) = 6*a - 39. What is o(9)?
15
Let m(o) = -o**3 - o - 11. Give m(0).
-11
Let d(k) = k**2 + 6*k - 8. What is d(-8)?
8
Let k(h) = 6*h + 3. Calculate k(-1).
-3
Let l(p) = -5*p + 103. Determine l(20).
3
Let d(l) = -5*l**3 + 2*l**2 - l - 2. Calculate d(-1).
6
Let s(p) = -3*p - 18. What is s(7)?
-39
Let d(u) = u**3 - 15*u**2 + 19*u - 20. Calculate d(14).
50
Let i(c) = -c**2 - 2*c - 4. What is i(-2)?
-4
Let k(g) = g**2 + 13*g - 8. Calculate k(-12).
-20
Let h(q) = 14*q**3 - q**2 + 1. Give h(-1).
-14
Let c(h) = -h**3 - 13*h**2 - 3*h + 14. Determine c(-13).
53
Let k(f) = 42*f - 1. Give k(-1).
-43
Let r(n) = 2*n**2 - 79*n - 204. Give r(42).
6
Let w(r) = -2*r + 26. Calculate w(16).
-6
Let t(j) = -j**3 - 20*j**2 + 43*j - 40. Give t(-22).
-18
Let t(c) = -3*c**2 + 7*c + 3. What is t(2)?
5
Let v(b) = 3*b + 7. Determine v(8).
31
Let v(g) = 181*g**3 - g**2 + 2. Give v(1).
182
Let j(u) = -2*u - 33. Calculate j(-14).
-5
Let j(w) = -6*w - 24. Give j(-10).
36
Let r(d) = d**3 + 6*d**2 - 6*d - 13. What is r(-6)?
23
Let v(h) = 2*h**3 - 13*h**2 + h + 30. Give v(6).
0
Let r(v) = -v**2 + 4*v. Calculate r(4).
0
Let i(x) = 3*x + 5. Calculate i(0).
5
Let x(s) = -s**2 + 26*s - 164. Give x(18).
-20
Let h(f) = -3*f - 62. Give h(-19).
-5
Let z(k) = k**2 - 9*k - 1. Calculate z(7).
-15
Let v(s) = -s**2 - 64*s - 235. What is v(-4)?
5
Let i(f) = -f**2 + 55*f + 373. Give i(-6).
7
Let b(w) = 22*w + 5. What is b(2)?
49
Let q(x) = 6*x**3 + 2*x**2 + x. Calculate q(-2).
-42
Let d(t) = t**3 + 5*t**2 - 8*t. Calculate d(-6).
12
Let z(m) = -m**3 - 11*m**2 - 18*m + 71. Determine z(-7).
1
Let r(j) = -2*j - 65. Give r(-10).
-45
Let h(a) = -18*a + 58. Calculate h(3).
4
Let n(s) = 3*s - 23. Determine n(7).
-2
Let d(w) = -2*w - 29. Calculate d(-10).
-9
Let w(r) = -r**2 + 9*r - 3. What is w(7)?
11
Let n(f) = -3*f - 3. Give n(-1).
0
Let d(u) = -10*u + 103. Determine d(11).
-7
Let v(s) = 7*s + 204. Give v(-28).
8
Let u(v) = 4*v**3 - 2*v**2 + 2*v - 1. Determine u(2).
27
Let d(f) = -5*f - 128. Calculate d(-27).
7
Let c(l) = 9*l + 4. Give c(-8).
-68
Let o(u) = -u + 5. What is o(2)?
3
Let w(l) = -3*l - 6. What is w(7)?
-27
Let y(j) = -3*j - 1. Give y(1).
-4
Let w(v) = v**2 - 4*v + 4. Give w(4).
4
Let u(y) = -y**2 + 5*y. Determine u(4).
4
Let b(t) = -t**2 + 10*t + 10. Give b(12).
-14
Let y(g) = -7*g + 22. Determine y(4).
-6
Let j(o) = o**2 - o - 5. Determine j(-3).
7
Let x(a) = 4*a + 38. Determine x(-12).
-10
Let h(d) = -d**3 - 8*d**2 - 10*d + 3. Give h(-6).
-9
Let w(u) = 129*u - 768. Determine w(6).
6
Let l(f) = -f**3 + 8*f**2 + 8*f - 12. Calculate l(9).
-21
Let t(o) = -2*o - 4. What is t(-7)?
10
Let p(b) = 5*b - 72. Determine p(14).
-2
Let z(i) = i**3 - 8*i**2 - i + 10. Determine z(8).
2
Let y(i) = i**3 - 9*i**2 - 52*i - 9. Give y(13).
-9
Let u(c) = c**3 + 7*c**2 - c. Determine u(-6).
42
Let n(f) = 2*f**3 - 14*f**2 - 18*f + 9. Determine n(8).
-7
Let a(y) = -y**3 + 4*y**2 - 4*y + 3. What is a(2)?
3
Let q(j) = -j + 30. Calculate q(26).
4
Let j(l) = l**3 + l - 14. What is j(0)?
-14
Let n(l) = l**2 - 21*l + 49. Calculate n(18).
-5
Let v(l) = -13*l - 6. Determine v(-7).
85
Let b(s) = 4*s**3 + 5*s**2 + 3*s + 6. Calculate b(-4).
-182
Let f(o) = o**3 + o**2 - 5*o - 3. Determine f(-3).
-6
Let b(t) = 43*t - 343. Determine b(8).
1
Let x(s) = 4*s**2 - 4*s - 1. What is x(3)?
23
Let z(p) = -p**3 + 16*p**2 - 24*p + 1. What is z(14)?
57
Let d(a) = -a**3 + 55*a**2 - 249*a - 37. What is d(50)?
13
Let u(o) = -5*o + 4. Determine u(3).
-11
Let y(k) = -k**3 + k**2 + 3*k + 2. What is y(-2)?
8
Let j(z) = -3*z**3 - 1. Calculate j(-2).
23
Let q(d) = 92*d + 467. Calculate q(-5).
7
Let v(l) = 2*l**2 - 2*l - 1. Determine v(-4).
39
Let m(o) = 3*o**3 - 2*o**2 + o + 1. What is m(1)?
3
Let o(u) = u**3 + 3*u**2 + u + 11. Determine o(-3).
8
Let l(b) = -b**2 + 6*b + 19. Give l(8).
3
Let o(i) = 17*i**2 + 83*i - 6. Give o(-5).
4
Let k(x) = x - 14. Give k(8).
-6
Let z(n) = -n**3 - 20*n**2 - 5*n - 90. Give z(-20).
10
Let t(z) = z**2 + 10*z - 17. Give t(-14).
39
Let k(w) = -13*w**3 - w**2 + 2*w + 2. Give k(-1).
12
Let i(f) = 5*f**3 - 2*f**2 + 2*f - 2. Determine i(1).
3
Let h(f) = -21*f**3 + f - 1. Calculate h(1).
-21
Let h(r) = 39*r - 397. Calculate h(10).
-7
Let p(f) = -2*f**2 + 24*f - 17. Give p(10).
23
Let a(n) = -n**2 + 12*n - 13. Give a(6).
23
Let l(a) = -a**3 + a**2 - a + 50. Calculate l(0).
50
Let o(g) = 2*g**3 - 5*g**2 + 4*g - 5. Give o(4).
59
Let y(z) = z**3 - 16*z**2 - 55*z - 7. Calculate y(19).
31
Let o(v) = v**2 + 9*v - 34. Determine o(-11).
-12
Let y(v) = v**3 - 9*v**2 - 12*v - 3. Calculate y(10).
-23
Let h(x) = x**2 + 9*x - 1. Give h(-9).
-1
Let p(v) = 35*v - 1. Give p(4).
139
Let s(q) = q**3 + 3*q**2 - 54*q + 1. Calculate s(6).
1
Let b(w) = w + 8. Calculate b(-9).
-1
Let z(j) = -j**3 - 5*j**2 + 10*j + 30. What is z(-6)?
6
Let v(b) = b - 9. Give v(7).
-2
Let x(l) = 2*l**3 - 9*l**2 + 4*l - 10. Determine x(4).
-10
Let s(q) = -3*q**2 - 17*q - 9. Calculate s(-5).
1
Let d(r) = -11*r + 9. What is d(-5)?
64
Let a(y) = y**3 + 8*y**2 + 7*y + 1. Give a(-7).
1
Let y(q) = -q**3 + 15*q**2 - 16*q - 4. Determine y(14).
-32
Let z(f) = 15*f - 6. Give z(1).
9
Let r(q) = -18*q + 46. Give r(3).
-8
Let s(t) = -t + 13. Give s(0).
13
Let k(b) = -3*b**2 - 12*b + 6. Determine k(-5).
-9
Let i(r) = -r**3 + 9*r**2 + 12*r + 11. Calculate i(10).
31
Let v(c) = -c**3 - 8*c**2 + 2*c - 16. Give v(-8).
-32
Let h(t) = 3*t**2 + 93*t + 85. Give h(-30).
-5
Let z(v) = 2*v - 1. Give z(1).
1
Let a(j) = j**3 + 3*j**2 + 5*j + 10. Determine a(-4).
-26
Let g(n) = -6*n - 4. Give g(4).
-28
Let p(k) = 5*k + 13. Calculate p(-4).
-7
Let r(k) = k**3 + 14*k**2 - 16*k - 9. Give r(-15).
6
Let h(c) = c**3 - 7*c**2 + 5*c. What is h(6)?
-6
Let j(m) = m**3 + 8*m**2 - 8*m - 9. Calculate j(-9).
-18
Let v(r) = r**3 + r**2 - 4*r + 2. Give v(-3).
-4
Let g(q) = -q**3 + 6*q**2 - 2*q - 10. Determine g(5).
5
Let h(b) = -3*b**2 - 3*b + 7. Determine h(2).
-11
Let s(w) = w**3 - 14*w**2 + 23*w + 6. Determine s(12).
-6
Let f(j) = -3*j + 53. Determine f(19).
-4
Let r(j) = -j**2 -